/1 - -2). Suppose 9*x - q = 4*x. Calculate the greatest common divisor of x and 15.
5
Suppose -31*b + 34*b - 2340 = -2*a, 5*a + 4*b = 5864. Suppose -19*c + a = -7*c. What is the greatest common factor of c and 42?
14
Suppose 222*g - 26485 + 21993 = 84308. Suppose -33 = -4*k + 31. Calculate the highest common factor of g and k.
16
Let c(g) = 2*g**3 + 8*g**2 - 3*g + 72. Let y be c(0). Calculate the highest common factor of y and 180.
36
Suppose 2*u = 5*j + 1826, u + 1312*j - 1308*j = 952. What is the highest common divisor of 160 and u?
32
Let h be (1 - (3 - 1))*-41. Let y be (-2)/(-11) - ((-178698)/286 + 10). What is the highest common factor of y and h?
41
Suppose 15*v - 12*v - 12 = 0, -3*n = v - 5833. Calculate the highest common divisor of n and 201.
67
Let o(z) = z**3 + 15*z**2 + 2*z + 36. Let d be o(-15). Suppose g + 25 = d*g. Suppose -8*u + 120 = -g*u. What is the greatest common divisor of u and 440?
40
Let i = 14758 + -14413. What is the highest common divisor of 810 and i?
15
Let l(m) = m**2 - 104*m + 1284. Let a be l(14). What is the greatest common factor of 3992 and a?
8
Let j(i) = -i**3 - 31*i**2 - 63*i + 121. Let s be j(-30). What is the greatest common divisor of 44 and s?
11
Let k = 204 - 181. Suppose -4*a + 11 = 2*b - 3*a, 0 = 4*b + 3*a - k. What is the greatest common factor of 125 and b?
5
Let f = 45 - 36. Suppose -5 = 5*r - 5*k, -11 = f*r - 6*r + 5*k. Let l be r*((-14)/8 - 2/(-8)). Calculate the greatest common factor of l and 30.
3
Let d = -7428 - -7583. Calculate the greatest common factor of d and 3503.
31
Let n(u) = u**2 - 12*u - 94. Let w be n(18). Let s be 28/((-8)/(-2))*284/w. What is the greatest common divisor of s and 2?
2
Suppose -8*w - 25 = -3*w, -v + 2*w + 126 = 0. Let p(u) = -44*u + 840. Let b be p(19). What is the greatest common divisor of b and v?
4
Suppose -l = -5*i - 2*l + 77, -i + 9 = -3*l. Suppose i = -3*v - 36. Let a be v*(-4 - (-7 + 4)). Calculate the highest common divisor of 51 and a.
17
Let q be 3/6*-6 + 20. Suppose 37 = b + q. Calculate the highest common factor of b and 5.
5
Let s be (2 - ((-8070)/(-8))/15)*-4. Calculate the highest common divisor of s and 2001.
87
Suppose -4*v - 18 - 82 = 0. Let i be (-23)/184 + v/(-8). Let d be (i + 6)/(4/12). Calculate the greatest common divisor of 3 and d.
3
Suppose 5*s - 782 + 17 = 0. Let k = 52 - 57. Let f be 1*((-2)/k - (-664)/40). What is the highest common factor of f and s?
17
Let u(j) be the second derivative of 2*j**2 + 0 - 1/3*j**3 + 7*j. Let f be u(-14). What is the greatest common factor of f and 224?
32
Let r be ((-118)/(-1003) + 9976/170)*20. Calculate the highest common divisor of r and 72.
24
Let u be (-149025)/175*-14 - (0 - -4). What is the greatest common factor of u and 606?
202
Let c be -5 + (-4)/20*-5. Let m(t) = -8*t - 16. Let h be m(c). What is the highest common factor of 4 and h?
4
Suppose -9*u - 22*u = -259904. What is the highest common factor of 131 and u?
131
Let q = -55 + 64. Let z be (3/q + 80/3)*1. What is the greatest common factor of 3 and z?
3
Let l = -10029 - -15170. What is the highest common factor of 97 and l?
97
Let z = -6192 - -6219. Calculate the greatest common divisor of 1803 and z.
3
Suppose 0 = 8*i - 9*i - 5*q + 50, 4*i + 2*q = 146. Suppose 0 = -9*g + 2*g + i. Calculate the greatest common divisor of 5 and g.
5
Suppose 4*z + 159 = 27. Let h be 3 + (-1988)/(-44) - (-6)/z. Let f be -1*3*-4*1. Calculate the greatest common factor of h and f.
12
Let x be 137 + 7/(-1) + -15 + 45/5. Calculate the greatest common factor of 664 and x.
4
Let r(p) = -4*p**3 - 4*p**2 - 6*p - 14. Let h be r(-5). Calculate the greatest common divisor of h and 128.
32
Suppose -928 = -7*v + 402. Let f = 219 - v. What is the highest common divisor of f and 261?
29
Let d = 21 - 11. Let v(x) be the second derivative of x**4/6 + 23*x**3/6 + 21*x**2/2 + 35*x. Let k be v(-11). What is the greatest common divisor of k and d?
10
Suppose -9*l + 564 = -5*l + 3*h, 150 = l + 3*h. Let g(n) = 17*n**2 - 87*n + 2. Let z be g(6). What is the highest common factor of z and l?
46
Suppose -4*q + 0*q = -8. Suppose 4*i + q - 10 = 0. Suppose -2*t - 3*s + 16 = s, -19 = -i*t - 3*s. What is the highest common divisor of 112 and t?
14
Suppose 0*j + 49099 + 959 = 18*j. Calculate the greatest common factor of j and 216.
27
Let q = -491 - 235. Let x = q - -753. Let n(s) = 6*s**2 - s + 10. Let l be n(7). What is the highest common divisor of l and x?
27
Let n = 491 + -616. Let o = -118 - n. What is the highest common divisor of o and 91?
7
Let k be -13*(1*-1 - 1). Suppose -155866 = 50*r - 57866. Let b be (1*-1)/5 + (-102312)/r. What is the highest common factor of b and k?
26
Let i(m) = 22 - m + 0*m + 2*m. Let b be i(-18). Suppose -q + t + b = -0, -5*q = -2*t - 23. Calculate the greatest common factor of 20 and q.
5
Let l be (1/(-2))/((-7)/(-98)) + 1. Let c be (-3 - (-5 + -79))*(-8)/l. Suppose -4*w + c = -0. Calculate the highest common divisor of w and 243.
27
Suppose 2*b + 26 = 4*b. Suppose -61*n = -8*n - 13091. What is the highest common divisor of b and n?
13
Let c = 7800 - 2900. Calculate the greatest common divisor of 84 and c.
28
Let w = -404 - -410. Suppose -592 = -4*s + 2*h, -w*h + 5*h - 446 = -3*s. What is the greatest common factor of 75 and s?
75
Suppose 0 = 5*x + 30, -4*l + 3*x + 97 = -249. What is the highest common divisor of l and 3?
1
Let i(g) = -g**3 - g**2 - 2*g + 1. Suppose 0 = -s + 5*h - 24, -5*s + 5*h = 3*h + 28. Let b be i(s). Calculate the highest common divisor of 3 and b.
3
Suppose 25*n - 30*n - 3*h + 3957 = 0, -2*n = -2*h - 1586. What is the highest common divisor of 288 and n?
72
Let n be (-3630)/(-36) + 12 - 20/24. What is the highest common factor of n and 4144?
112
Let s(f) = -f**3 + 5*f**2 - 6. Let i be s(-6). Suppose 113*l - 5755 - 1334 = 3081. What is the highest common divisor of l and i?
30
Let m be ((-1456)/(-252))/(-1*4/(-18)). Let a(l) = l - 5. Let s be a(7). What is the greatest common factor of s and m?
2
Suppose 0 = -21*q + 19*q + o + 187, 30 = 6*o. What is the greatest common factor of 264 and q?
24
Let d be (-1373291)/(-879) - 2/6. Calculate the highest common factor of d and 22.
22
Let f = 1489 + -1210. What is the highest common factor of f and 18?
9
Let x(k) = -k**2 + 50*k - 447. Let n be x(22). Calculate the highest common factor of n and 117.
13
Let r(f) = -25*f**3 - 2*f**2 - 5*f - 4. Let z(b) = 2*b**3 - b**2 - 3*b - 1. Let q be z(-1). Let i be r(q). Calculate the highest common factor of 136 and i.
8
Let h be 2 - 5/(65/(-1157)). Calculate the highest common divisor of 35 and h.
7
Let i be ((-556)/6)/((-17284)/957 + 18). Calculate the highest common factor of i and 33.
11
Suppose -13325 = -5*w + z, 12*w - 17*w = -5*z - 13345. Calculate the highest common factor of 72 and w.
72
Suppose -b = 5*n - 959, -139*b + 193 = n - 140*b. What is the highest common factor of n and 18?
6
Let a be (-2 - (-15)/6)*270. Let h(g) = -g**3 - 6*g**2 - 9*g. Let b be 5*(-3 + 18/10). Let x be h(b). Calculate the highest common factor of x and a.
27
Suppose 729 = -3*a + 6*a. Let y be -56 + 44 + (-39)/(-1). Calculate the greatest common factor of a and y.
27
Suppose -25*r - 31*r + 1347 = -7725. What is the highest common factor of 126 and r?
18
Suppose -3*d + 4 = 10. Let s(p) = 4*p**2 + p + 4. Let h be s(d). Let a(f) = 2*f**2 + 162. Let q be a(0). Calculate the greatest common divisor of q and h.
18
Let p(q) = 7*q**2 + q - 1. Let h be p(2). Let f = -68655 + 68974. What is the greatest common divisor of f and h?
29
Suppose 10111 + 137789 = 60*g. What is the highest common factor of 10 and g?
5
Let f(j) = 140*j**2 + 8*j + 8. Let p be 3 + (-1 - (6 + -3)). Let k be f(p). Calculate the highest common factor of 20 and k.
20
Suppose 16*a + 32 = 96. Suppose 0 = a*s - 20, 2*s + 295 - 1505 = -5*v. Calculate the highest common divisor of 40 and v.
40
Let g(t) = 117*t + 1. Let o be g(4). Let h be (225/60 - (-60)/(-80))*67/3. What is the greatest common factor of h and o?
67
Let w = 39229 - 39166. What is the greatest common divisor of w and 1743?
21
Suppose -3*f - 2*m - 99 = 0, f + 0 = -m - 34. Let a(g) = -g**2 - 29*g + 86. Let b be a(f). Calculate the greatest common divisor of b and 18.
6
Let b(k) = 4*k - k**3 - k + k - 5*k**2 - 3. Let n be b(-6). Let h = n +